e factors of 468766.
2, 234383
List the prime factors of 16723992.
2, 3, 696833
What are the prime factors of 1183783?
71, 16673
What are the prime factors of 2444993?
569, 4297
List the prime factors of 6018720.
2, 3, 5, 12539
List the prime factors of 25864128.
2, 3, 83, 541
List the prime factors of 23925463.
2971, 8053
List the prime factors of 3778022.
2, 1889011
List the prime factors of 4214284.
2, 1053571
List the prime factors of 9665788.
2, 11, 219677
What are the prime factors of 295579?
17, 17387
List the prime factors of 6486652.
2, 113, 127
What are the prime factors of 1092503?
59, 18517
What are the prime factors of 7611553?
7611553
List the prime factors of 304730.
2, 5, 31, 983
What are the prime factors of 3776663?
11, 343333
List the prime factors of 3657151.
3657151
What are the prime factors of 407635?
5, 81527
List the prime factors of 202697.
11, 18427
What are the prime factors of 5198759?
23, 37, 41, 149
What are the prime factors of 1283124?
2, 3, 23, 4649
List the prime factors of 2713208.
2, 339151
List the prime factors of 360958.
2, 13, 13883
List the prime factors of 162933.
3, 54311
List the prime factors of 484273.
163, 2971
List the prime factors of 182628.
2, 3, 19, 89
What are the prime factors of 6797119?
7, 83, 11699
What are the prime factors of 1753108?
2, 7, 17, 29, 127
List the prime factors of 51002.
2, 7, 3643
What are the prime factors of 1095998?
2, 547999
List the prime factors of 933410.
2, 5, 31, 3011
List the prime factors of 518581.
7, 23, 3221
What are the prime factors of 2234895?
3, 5, 13, 73, 157
What are the prime factors of 1819416?
2, 3, 41, 43
List the prime factors of 7693.
7, 157
List the prime factors of 2334861.
3, 259429
What are the prime factors of 886855?
5, 83, 2137
What are the prime factors of 731737?
731737
List the prime factors of 1335256.
2, 13, 37, 347
What are the prime factors of 448039?
19, 23581
What are the prime factors of 238171?
238171
What are the prime factors of 336487?
29, 41, 283
What are the prime factors of 15731001?
3, 11, 13, 17, 719
What are the prime factors of 1840481?
1279, 1439
List the prime factors of 22413.
3, 31, 241
What are the prime factors of 5666371?
1373, 4127
List the prime factors of 10847857.
103, 105319
What are the prime factors of 13285198?
2, 727, 9137
What are the prime factors of 6911234?
2, 11, 317, 991
List the prime factors of 2507532.
2, 3, 208961
List the prime factors of 502605.
3, 5, 17, 73
List the prime factors of 641995.
5, 128399
What are the prime factors of 6175832?
2, 13, 43, 1381
List the prime factors of 393720.
2, 3, 5, 17, 193
What are the prime factors of 178293?
3, 103, 577
List the prime factors of 1906742.
2, 239, 3989
What are the prime factors of 15741691?
7, 113, 2843
List the prime factors of 356447.
7, 13, 3917
List the prime factors of 784662.
2, 3, 19, 6883
List the prime factors of 7424000.
2, 5, 29
List the prime factors of 6443863.
6443863
What are the prime factors of 657100?
2, 5, 6571
What are the prime factors of 1496105?
5, 13, 23017
List the prime factors of 2966981.
2966981
List the prime factors of 10580840.
2, 5, 83, 3187
What are the prime factors of 10129155?
3, 5, 107, 6311
What are the prime factors of 191611?
7, 31, 883
What are the prime factors of 4654488?
2, 3, 193937
What are the prime factors of 109694?
2, 13, 4219
What are the prime factors of 733398?
2, 3, 31, 3943
What are the prime factors of 68521?
68521
What are the prime factors of 3422079?
3, 380231
List the prime factors of 1857726.
2, 3, 13, 17, 467
List the prime factors of 3971592.
2, 3, 227
What are the prime factors of 1820278?
2, 910139
What are the prime factors of 17269?
7, 2467
What are the prime factors of 322636?
2, 79, 1021
What are the prime factors of 13155045?
3, 5, 877003
List the prime factors of 329061.
3, 19, 23, 251
What are the prime factors of 2941368?
2, 3, 122557
List the prime factors of 1313171.
1313171
What are the prime factors of 1132510?
2, 5, 109, 1039
What are the prime factors of 21584942?
2, 41, 461, 571
What are the prime factors of 432342?
2, 3, 24019
What are the prime factors of 3184677?
3, 39317
List the prime factors of 1314536.
2, 37, 4441
List the prime factors of 1467014.
2, 263, 2789
List the prime factors of 107433.
3, 23, 173
List the prime factors of 402749.
487, 827
List the prime factors of 178580.
2, 5, 8929
What are the prime factors of 4640297?
31, 181, 827
What are the prime factors of 4830032?
2, 301877
What are the prime factors of 12125669?
23, 527203
List the prime factors of 8120188.
2, 641, 3167
What are the prime factors of 9387?
3, 7, 149
What are the prime factors of 986927?
986927
What are the prime factors of 103748?
2, 37, 701
List the prime factors of 72714.
2, 3, 12119
What are the prime factors of 980095?
5, 211, 929
List the prime factors of 6908926.
2, 457, 7559
What are the prime factors of 94148?
2, 23537
List the prime factors of 1693009.
37, 45757
List the prime factors of 13760239.
29, 474491
List the prime factors of 5151939.
3, 13, 59, 2239
What are the prime factors of 2359?
7, 337
What are the prime factors of 147658?
2, 7, 53, 199
What are the prime factors of 24098117?
24098117
List the prime factors of 831176.
2, 107, 971
List the prime factors of 17561285.
5, 7, 53, 9467
List the prime factors of 95847.
3, 43, 743
List the prime factors of 2012689.
7, 19, 37, 409
What are the prime factors of 5821831?
31, 67, 2803
What are the prime factors of 1677191?
1677191
List the prime factors of 175934.
2, 11, 727
List the prime factors of 2344374.
2, 3, 139, 937
What are the prime factors of 584308?
2, 146077
What are the prime factors of 731419?
13, 56263
List the prime factors of 17267969.
17267969
List the prime factors of 565705.
5, 7, 2309
What are the prime factors of 27303420?
2, 3, 5, 89, 5113
List the prime factors of 526039.
31, 71, 239
List the prime factors of 62711.
11, 5701
What are the prime factors of 32334012?
2, 3, 299389
What are the prime factors of 34657314?
2, 3, 83, 69593
List the prime factors of 16193.
16193
What are the prime factors of 209928?
2, 3, 8747
What are the prime factors of 1137468?
2, 3, 94789
List the prime factors of 423716.
2, 105929
What are the prime factors of 250748?
2, 62687
List the prime factors of 2595687.
3, 293, 2953
List the prime factors of 9764631.
3, 120551
List the prime factors of 28234559.
28234559
List the prime factors of 20511484.
2, 7, 101, 7253
What are the prime factors of 3849208?
2, 11, 17, 31, 83
List the prime factors of 525061.
97, 5413
What are the prime factors of 9715766?
2, 59, 137, 601
What are the prime factors of 1039391?
41, 101, 251
What are the prime factors of 3930675?
3, 5, 7, 7487
List the prime factors of 255498.
2, 3, 97, 439
What are the prime factors of 341762?
2, 170881
What are the prime factors of 1306424?
2, 7, 41, 569
What are the prime factors of 19927560?
2, 3, 5, 166063
List the prime factors of 80384.
2, 157
List the prime factors of 333375.
3, 5, 7, 127
What are the prime factors of 11146830?
2, 3, 5, 371561
What are the prime factors of 521669?
521669
What are the prime factors of 3859842?
2, 3, 7, 29, 3169
What are the prime factors of 31627049?
1123, 28163
List the prime factors of 691796.
2, 7, 31, 797
List the prime factors of 9921990.
2, 3, 5, 13, 19, 103
List the prime factors of 3020454.
2, 3, 31, 5413
What are the prime factors of 641805?
3, 5, 42787
List the prime factors of 3828819.
3, 103, 12391
List the prime factors of 281459.
37, 7607
List the prime factors of 122732.
2, 61, 503
What are the prime factors of 2005200?
2, 3, 5, 557
What are the prime factors of 46471?
46471
List the prime factors of 128593.
23, 5591
What are the prime factors of 1907138?
2, 643, 1483
List the prime factors of 186037.
186037
What are the prime factors of 6332045?
5, 1266409
What are the prime factors of 9265935?
3, 5, 7, 17, 29, 179
List the prime factors of 1503897.
3, 501299
List the prime factors of 215367.
3, 71789
What are the prime factors of 545145?
3, 5, 36343
What are the prime factors of 936410?
2, 5, 29, 3229
What are the prime factors of 344593?
509, 677
List the prime factors of 3213980.
2, 5, 7, 11, 2087
What are the prime factors of 12036